nws-alerts: Checking more than four warning/county codes can delay the loading of your pages. You should use a cron job to get the data.

NOAA-Style Climate Reports


Report for 2024 February

Daily NOAA report



                            MONTHLY CLIMATOLOGICAL SUMMARY for FEB. 2024

NAME: Brandermill   CITY: Midlothian STATE: VA
ELEV: 250 LAT: 037:25:33 LONG: 0077:38:35

                            TEMPERATURE ( °F), RAIN (in.), WIND SPEED (mph)

                                               HEAT     COOL           AVG
      MEAN                                     DEG      DEG            WIND                       DOM
DAY   TEMP    HIGH   TIME     LOW    TIME      DAYS     DAYS    RAIN   SPEED    HIGH    TIME      DIR
--------------------------------------------------------------------------------------------------------
01    41.6   055.3   15:55    29.2   08:06     23.4     00.0   00.00   00.8     14.9    13:37     WSW
02    46.0   057.4   12:21    39.4   08:05     18.9     00.0   00.00   00.5     17.3    13:08     WNW
03    39.8   050.4   16:03    31.1   08:13     25.2     00.0   00.00   00.6     13.8    12:21     NNW
04    38.5   053.5   16:06    28.1   07:49     26.4     00.0   00.00   00.4     10.3    15:03     NNE
05    40.3   055.5   14:21    28.2   07:42     24.7     00.0   00.00   00.4     10.3    12:00     ESE
06    36.7   047.3   13:11    29.3   00:00     28.2     00.0   00.00   01.2     19.6    12:54      NE
07    37.2   052.1   16:14    25.7   07:41     27.8     00.0   00.00   00.5     13.8    13:35      E 
08    41.7   057.4   15:57    27.5   07:44     23.2     00.0   00.00   00.9     13.8    14:09      SW
09    51.7   060.5   16:06    43.9   04:44     13.3     00.0   00.00   01.4     13.8    20:34     WSW
10    54.6   064.3   12:51    49.5   06:13     10.3     00.0   00.25   00.7     19.6    13:30     WSW
11    54.4   056.9   12:09    52.1   23:59     10.6     00.0   00.83   00.1     04.6    11:27      NW
12    48.9   052.2   00:04    44.9   00:00     16.1     00.0   00.09   00.5     04.6    23:16     ENE
13    44.7   053.8   14:15    35.7   00:00     20.2     00.0   00.31   02.8     18.4    15:39     NNW
14    42.1   054.9   15:37    32.8   07:46     22.8     00.0   00.00   00.3     13.8    14:04      NW
15    43.2   057.7   16:18    28.2   07:32     21.8     00.0   00.00   01.6     23.0    15:40      SW
16    48.0   055.2   14:12    41.0   23:59     16.9     00.0   00.00   00.2     10.3    02:53      W 
17    40.2   047.6   14:01    30.3   00:00     24.8     00.0   00.00   02.2     17.3    14:59     NNW
18    36.0   046.5   15:47    25.9   07:27     28.9     00.0   00.00   02.1     17.3    12:32      SW
19    38.8   052.2   16:10    27.2   08:05     26.1     00.0   00.00   00.9     17.3    09:47      W 
20    38.9   052.2   16:01    26.9   07:32     26.0     00.0   00.00   00.5     10.3    13:12      E 
--------------------------------------------------------------------------------------------------------
43.2 (44.0)   64.3  day 10     25.7  day 07   435.6    000.0   01.48   00.9     23.0   day 15     WNW
Max Rain: 0.83 ON 11-02-24
Days of Rain: 4 (> .008in) 4 (> .08in) 1 (> 0.8in)